s the highest common divisor of a and g?
41
Let c(s) = s + 4. Let o be c(1). Suppose 31 = o*h + 1. Suppose 2*i = h + 16. Calculate the highest common factor of 11 and i.
11
Suppose -171*d - 1256 = -b - 172*d, 0 = -3*b - 2*d + 3774. What is the highest common factor of 2 and b?
2
Suppose 3*x = x - 56. Let l be ((-48)/9)/((32/(-444))/(-4)). Let p be 8/(-14) + l/x. Calculate the greatest common divisor of p and 10.
10
Let z = 3824 + -1151. What is the highest common divisor of z and 396?
99
Suppose 15 = 5*u - 0*u. Suppose -c = -5*t + 36, -2 = -c - u. Calculate the greatest common divisor of t and 56.
7
Let h(s) = -51*s + 2. Let z be h(-2). Let b(g) = -4*g + 466. Let d be b(-48). Let q = d - 632. What is the greatest common factor of q and z?
26
Let q(g) = -9*g + 110. Let a be q(10). Let l(x) = 2*x**3 + 21*x**2 + 9*x - 8. Let s be l(-10). What is the highest common factor of s and a?
2
Let q(y) = -32 + 22*y + 2 + 7*y**2 - y**3 + 9*y**2 - 2*y**2 + 7*y**2. Let t be q(21). Calculate the greatest common factor of 18 and t.
18
Suppose -19*o + 4*o + 6645 = 0. Let c = o + -416. What is the greatest common factor of c and 216?
27
Suppose -914*s + 870*s + 1245816 = 0. What is the highest common factor of s and 484?
242
Let y(g) be the second derivative of -g**5/20 + 3*g**4/4 + 2*g**3/3 + 15*g**2 + 17*g + 1. Let q be y(9). Calculate the greatest common divisor of q and 24.
6
Suppose -178*c = -167*c - 5929. What is the greatest common divisor of 441 and c?
49
Suppose 3*c - 8 = -c. Suppose -55 = c*n - 7*n. Let j be ((-35)/(-5) - 18)/(3/(-27)). What is the greatest common factor of n and j?
11
Let u(g) = -513*g + 1729. Let r be u(-6). What is the highest common divisor of 23 and r?
23
Let r = 7228 - 5584. Calculate the greatest common divisor of r and 12.
12
Let x = 1 + 3. Suppose -81 = 132*q - 135*q - n, 4*q = 3*n + 121. Calculate the highest common factor of x and q.
4
Suppose r + 2*u = 8, 110*u + 15 = 2*r + 113*u. What is the greatest common divisor of r and 1182?
6
Suppose 0 = 2*o - w - 7 - 38, 45 = o + 4*w. Suppose 0 = -61*g + 58*g + 17*t + 392, 0 = 5*g + 2*t - 623. What is the highest common factor of g and o?
25
Let q be -19*((-6)/30*4)/(26/65). Calculate the highest common divisor of q and 17461.
19
Suppose -9 = 2*d - 0*q + 5*q, 0 = 5*d - 2*q - 50. Let c be (-6)/36*d + (-22)/(-3). What is the greatest common factor of c and 4?
2
Let m(s) = 32*s**2 - 350*s + 62. Let x be m(11). Suppose -3*r = 4*y - y - 78, y = -2*r + 50. Calculate the highest common divisor of x and r.
12
Let p(s) = s**2 + 27*s + 30. Let u be p(-21). Let i be u/240*(2 + -937). Calculate the highest common factor of 102 and i.
34
Let m be 29/(-5)*(-13 - -26 - 18). Calculate the highest common factor of 27869 and m.
29
Let t(z) = -z**3 + 15*z**2 - 34*z + 66. Let j be t(12). What is the greatest common divisor of j and 2470?
10
Let r(s) = 14*s - 3. Let t be r(3). Suppose 263 = 5*h - b, -4*h - 5*b + 220 = -9*b. Suppose 2*w - 6*w = -h. Calculate the greatest common divisor of w and t.
13
Let v be (-38)/(-7) + 3/(-7). Suppose 36 = -3*k + j, -5*j + 20 = v. Let l(x) = -x - 5. Let t be l(k). What is the greatest common divisor of 78 and t?
6
Suppose 38*x - 72 = 34*x. Let u be 266/x - 28/(-126). Calculate the greatest common factor of 105 and u.
15
Suppose -191 = -32*f + 193. Calculate the greatest common factor of f and 1098.
6
Suppose -8*v + s = -12*v + 23126, -5*s + 5772 = v. What is the highest common divisor of 177 and v?
59
Let a(h) = -2*h + 51. Let g be a(10). Let v = 151 - g. What is the highest common factor of v and 330?
30
Let u(s) = s**2 + 9*s + 46. Let f be u(0). Suppose 0 = -41*o + f*o - 230. Calculate the greatest common factor of o and 2.
2
Suppose -50*a + 51*a + 13427 = 5*l, 5*a - 13385 = -5*l. What is the highest common factor of l and 244?
244
Suppose -6*v + 10*v = 8. Suppose 0 = v*f - 178 - 438. Suppose -3*z + 140 = 2*z. Calculate the greatest common factor of f and z.
28
Let l be (6/(-4))/((-34)/((-50320)/(-30))). What is the greatest common divisor of l and 106?
2
Let j be 18/7 + 75/175 - 1. Let l be (108/45 + j)/(4/10). What is the highest common factor of l and 110?
11
Let t(o) = 21*o**2 - o + 33. Let r be -7 + 9 + -5 + (0 - -3). Let u be t(r). Let s = -14 + 25. Calculate the highest common divisor of u and s.
11
Let l(q) = -q**2 - 32*q - 88. Let j be l(-16). Suppose -84 = -p - 3*x, 2*p + 6*x - 8*x - j = 0. What is the greatest common factor of 12 and p?
12
Let v(t) = -78*t - 932. Let n be v(-15). Calculate the highest common divisor of n and 2478.
14
Let q = -795 - -1084. Suppose -2*o - 5*k = -10*k - 34, 3*o - 51 = 4*k. Calculate the highest common divisor of q and o.
17
Let r(n) = 6*n**2 - 3 - 13*n**2 + 5*n - n. Let h be r(1). Let a be 1308/54 + (0 - h/(-27)). What is the greatest common factor of 12 and a?
12
Let i(j) = -j**2 + 61*j - 44. Let k be i(60). Suppose -g = 5*b - 51, 2*b - 15 = g + 4*g. Let z be 20*44*2/b. What is the greatest common factor of z and k?
16
Let r = 3444 + -3108. What is the greatest common factor of 42 and r?
42
Let u = -14202 + 15318. What is the highest common factor of u and 72?
36
Let o be (2/10*16)/((-6)/(-330)). Suppose b = 6*b - 5. Let w(p) = 20*p + 2. Let j be w(b). Calculate the greatest common divisor of o and j.
22
Let g(k) = k**3 - 7*k**2 - 8*k + 3. Let x be g(8). Let s = 87 + -7. Let b = 104 - s. What is the highest common divisor of b and x?
3
Let j(y) = -5*y**2 - 21*y + 226. Let v be j(-8). Let z be ((-6)/4)/(2/(-444)). Calculate the highest common factor of v and z.
37
Let r(c) = -14 + 5*c**2 + 2 - 3*c - 14*c - 4*c - 5*c + c**3. Let h be r(-8). What is the greatest common divisor of h and 68?
4
Let f = 817 + -808. Suppose -4 = 3*m - 7. Calculate the highest common factor of m and f.
1
Suppose 144 = 2*f + 2*m, -3*m + 43 - 49 = 0. Calculate the highest common divisor of 9398 and f.
74
Suppose -586 = -d + 88. Suppose -19*w + d = -466. Let s be 7*12*2/7. Calculate the greatest common divisor of w and s.
12
Let r = -21675 - -22155. Calculate the highest common factor of r and 192.
96
Let f = -1205 + 6456. What is the highest common factor of f and 59?
59
Suppose -317 = 2*l - 351. What is the highest common divisor of 714 and l?
17
Suppose -4*a - 2181 = -5*g - 16146, 13968 = 4*a - 4*g. What is the greatest common divisor of 75 and a?
15
Let l(q) = -q**2 + 88*q + 902. Let g be l(85). Calculate the greatest common factor of 39 and g.
13
Let m = 552 + 20. Suppose -4*n - 4*u + m = 0, 2*n + 2*u = 7*n - 680. Calculate the greatest common divisor of n and 46.
46
Let a(s) = -s**3 - s**2 - s + 52. Let u be (1 - 1)*(-1 + 2). Let i be a(u). Let k be (1 + 5)*((-171)/(-27) - 2). Calculate the highest common factor of k and i.
26
Suppose -5*y - 120 = 55. Let z be (-5)/y - (-82)/14. What is the greatest common factor of 8 and z?
2
Suppose 4 + 106 = 2*o. Let z be (-10)/o + 1685/11. Let c = -10 + z. Calculate the highest common divisor of c and 13.
13
Suppose 14*r + 2 = 12*r. Let s(z) = -27*z**3 + z + 2. Let n be s(r). Suppose 5*a = a + n. Calculate the highest common divisor of 35 and a.
7
Let q = -2917 - -3004. What is the highest common factor of 725 and q?
29
Suppose -t + 6*t = 170. Let p = -26 + t. Calculate the highest common factor of p and 8.
8
Suppose 446 = -96*r + 5822. What is the highest common factor of 2240 and r?
56
Let y be 20/5*(735/(-84) - (-13 + 3)). Suppose -3*h - 5*n - 254 = -654, -4 = 4*n. Calculate the highest common divisor of h and y.
5
Let m = 0 - 0. Let x be -1 + (m - -33)/3. Let j = 2115 + -2090. What is the highest common divisor of x and j?
5
Suppose 2*a - 401 = -3*z, 3544*z + 409 = 3547*z - 2*a. Let d(g) = 4*g**2 - 3*g - 7. Let o be d(-5). Calculate the greatest common divisor of o and z.
27
Let x = 11214 - 9230. What is the greatest common divisor of 279 and x?
31
Suppose -5*i = -169 + 4. Suppose -5*s + i + 17 = 0. What is the highest common factor of 6 and s?
2
Suppose -2*o + 5*p = -610, -1441 - 107 = -5*o + p. What is the highest common factor of 682 and o?
62
Let w be 12/((2 + -3)*-1). Let a be 249*2/12*4. Suppose 8*z - a - 122 = 0. Calculate the greatest common factor of w and z.
12
Let z be ((-129)/(-6) - 4)/((-14)/(-140)). Let h = -98 + 168. What is the highest common factor of h and z?
35
Let c be ((-30)/45)/